 + 21*c**2 - 66*c - 28. Determine o(-13).
-15
Let n(d) = d + 5. What is n(29)?
34
Let q(j) = 52*j - 658. What is q(12)?
-34
Let v(c) = 190*c - 2103. Calculate v(11).
-13
Let j(q) = 16*q**2 + 549*q - 385. Give j(-35).
0
Let q(i) = -149*i + 4466. Calculate q(30).
-4
Let q(m) = -m**3 - 27*m**2 - 16*m + 170. Give q(-26).
-90
Let f(y) = 7*y**2 - 22*y - 67. Give f(-4).
133
Let x(y) = 5*y**2 + 100*y - 12. Calculate x(-18).
-192
Let v(a) = 78*a**2 - 782*a - 10. What is v(10)?
-30
Let s(f) = 28*f - 7. Determine s(4).
105
Let g(s) = s**3 + 17*s**2 - 40*s - 40. What is g(-19)?
-2
Let n(d) = -96*d - 1064. What is n(-14)?
280
Let n(r) = 2*r**3 + 11*r**2 + 25*r + 98. What is n(-7)?
-224
Let c(q) = -48*q - 77. Give c(1).
-125
Let m(x) = -7*x**2 - 21*x + 8. Determine m(4).
-188
Let h(t) = t**3 - 6*t**2 + 159*t - 1180. Calculate h(7).
-18
Let u(x) = -x**3 - 5*x**2 + x - 1. Give u(0).
-1
Let c(s) = -88*s - 2304. Determine c(-22).
-368
Let g(j) = -j**3 + 12*j**2 + 8*j - 47. What is g(14)?
-327
Let u(l) = l**3 + 12*l**2 - 94*l - 68. What is u(-17)?
85
Let z(f) = f**2 + 10*f - 4. What is z(-3)?
-25
Let q(n) = 2*n**3 - 74*n**2 + 67*n + 212. Give q(36).
32
Let v(t) = -18*t**2 - 586*t - 313. Calculate v(-32).
7
Let u(p) = 25*p**2 - 98*p + 21. Determine u(4).
29
Let l(n) = 33*n - 1762. Give l(56).
86
Let v(s) = -s**3 - 16*s**2 - 55*s - 7. What is v(-11)?
-7
Let l(d) = d**2 + 45*d - 2686. Give l(34).
0
Let h(p) = -4917*p + 24585. Determine h(5).
0
Let k(u) = 3*u - 70. Give k(7).
-49
Let k(x) = 6052*x + 12036. Determine k(-2).
-68
Let q(c) = -23*c - 113. What is q(-6)?
25
Let q(b) = -11*b + 327. Give q(37).
-80
Let w(u) = 142*u + 3968. Give w(-28).
-8
Let k(f) = f**2 - 254*f + 1450. Determine k(6).
-38
Let z(y) = -2*y**3 - 52*y**2 + 48*y - 169. What is z(-27)?
-7
Let m(i) = -2*i + 12. Determine m(9).
-6
Let t(z) = -21*z**3 + 713*z**2 + 48*z - 479. Give t(34).
-3
Let t(z) = -7*z**2 - 18*z + 40. What is t(4)?
-144
Let c(n) = 6*n**2 - 25*n - 125. Determine c(0).
-125
Let x(i) = 89*i - 2060. Give x(23).
-13
Let f(k) = 17*k + 192. Calculate f(-16).
-80
Let v(q) = 8*q**2 - 71*q - 193. What is v(11)?
-6
Let r(i) = 6*i**2 - 227*i + 1572. What is r(9)?
15
Let x(q) = q**3 - 83*q**2 - 72*q - 1012. Calculate x(84).
-4
Let h(v) = 43*v**2 - 260*v - 1038. Determine h(-4).
690
Let g(n) = 23439*n - 281275. Determine g(12).
-7
Let u(t) = -t**2 + 121*t - 2695. Give u(92).
-27
Let v(w) = 1886*w + 181050. Determine v(-96).
-6
Let i(r) = 9*r**2 - 148*r - 45. Calculate i(16).
-109
Let w(z) = -z**2 - 54*z + 79. Give w(-56).
-33
Let m(r) = -8*r + 35. Determine m(12).
-61
Let k(z) = -z**3 - 46*z**2 + 145*z - 111. Calculate k(-49).
-13
Let u(d) = -d**3 - 40*d**2 + 41*d - 6. Give u(-41).
-6
Let w(s) = 2*s - 1. Give w(0).
-1
Let i(k) = -2426*k - 16. Give i(0).
-16
Let k(m) = 1282*m + 6407. Determine k(-5).
-3
Let s(t) = t**2 + 26*t - 23. What is s(-19)?
-156
Let g(r) = -2*r**3 + 52*r**2 + 173*r + 16. What is g(29)?
-13
Let p(g) = g**2 + 38*g + 291. Give p(-11).
-6
Let p(r) = r**3 + 17*r**2 + 4*r - 11. Give p(-16).
181
Let x(l) = 62*l + 10153. Give x(-163).
47
Let x(w) = -w**3 - 96*w**2 + 91*w - 527. Give x(-97).
55
Let o(b) = -b**3 - 18*b**2 - 3*b - 32. Determine o(-17).
-270
Let r(k) = -5356*k - 16160. Determine r(-3).
-92
Let o(l) = -l**3 + 3*l**2 + 41*l - 143. Give o(5).
12
Let z(c) = 20*c**2 + 70*c - 495. Calculate z(-7).
-5
Let m(h) = 3*h**3 - 79*h**2 - 140*h - 8. Determine m(28).
-8
Let y(m) = m**3 - 24*m**2 - 162*m + 1390. Give y(28).
-10
Let g(y) = y**3 + y**2 + 24*y - 49. Calculate g(2).
11
Let z(h) = -29*h - 145. Calculate z(-5).
0
Let h(o) = o**3 + 68*o**2 + 198*o - 70. What is h(-65)?
-265
Let h(b) = 3*b**2 - 3*b + 4. Give h(0).
4
Let o(i) = -728*i - 25496. Calculate o(-35).
-16
Let v(y) = -y**3 + 2*y**2 + 13*y + 11. What is v(5)?
1
Let l(d) = -4*d**2 + 78*d - 13. What is l(19)?
25
Let a(r) = -6*r + 239. What is a(36)?
23
Let h(v) = v**3 + 5*v**2 - 11*v - 27. Determine h(-6).
3
Let s(a) = -60*a + 7390. Give s(123).
10
Let m(w) = w**3 - 98*w**2 + 462*w + 8. What is m(5)?
-7
Let g(y) = -y**2 + 251*y + 250. What is g(-1)?
-2
Let s(z) = -14*z - 162. Determine s(-13).
20
Let d(w) = 12*w**2 - 187*w - 1131. Give d(-6).
423
Let z(t) = -2*t**2 + 38*t - 155. Give z(9).
25
Let a(h) = 3*h**2 + 50*h + 235. Determine a(-5).
60
Let f(m) = -49*m + 32. Calculate f(1).
-17
Let i(b) = -b**3 + 6*b**2 + 65*b - 181. Calculate i(12).
-265
Let c(u) = 5*u**2 + 62*u + 191. What is c(-5)?
6
Let j(t) = -t**3 + 2*t**2 - 33*t + 245. Calculate j(5).
5
Let n(k) = k**3 + 30*k**2 - 133*k + 114. Calculate n(-34).
12
Let q(j) = -j**3 - 18*j**2 + 10*j + 175. What is q(-18)?
-5
Let r(d) = -121*d**2 - 703*d + 91. Calculate r(-6).
-47
Let p(v) = -3*v**3 - 19*v**2 - 25*v + 16. What is p(-5)?
41
Let x(f) = -5*f**2 + 24*f + 2. What is x(-7)?
-411
Let f(m) = 29*m - 801. What is f(28)?
11
Let o(d) = -4*d**3 + 5*d**2 - 12*d + 18. Calculate o(3).
-81
Let f(y) = -3*y**2 + 75*y + 443. Give f(-5).
-7
Let p(f) = -f**3 - 61*f**2 - 555*f - 46. Calculate p(-11).
9
Let t(r) = 5*r**2 + 145*r - 834. Calculate t(6).
216
Let x(r) = 17*r - 7. Calculate x(-1).
-24
Let r(b) = b**3 - 6*b**2 + 7*b + 11. Determine r(5).
21
Let p(m) = -4*m**2 - 72*m - 190. What is p(-14)?
34
Let m(z) = -64*z - 262. What is m(-4)?
-6
Let n(i) = 2*i**3 + 177*i**2 + 312*i + 4430. Determine n(-87).
-7
Let l(t) = 8*t**2 + 6*t + 13. What is l(5)?
243
Let p(a) = -45*a + 2059. Calculate p(45).
34
Let s(f) = -f**3 - 78*f**2 + 28*f + 2184. What is s(-78)?
0
Let c(m) = -62*m - 113. Calculate c(11).
-795
Let k(t) = -2*t**3 - 43*t**2 - 80*t - 2207. Give k(-22).
37
Let z(w) = 27*w + 924. Give z(-33).
33
Let y(h) = -3569*h**2 + 7141*h - 3. Calculate y(2).
3
Let l(f) = 3*f**2 + 12*f - 7. What is l(-5)?
8
Let p(c) = 1185*c - 31990. Determine p(27).
5
Let s(a) = a**2 - 31*a - 78. Calculate s(30).
-108
Let v(l) = 2*l**2 + 190*l + 1173. What is v(-6)?
105
Let t(s) = -1169*s + 3530. What is t(3)?
23
Let d(m) = 10*m**3 + 569*m**2 - 55*m + 116. Give d(-57).
2
Let g(h) = 9*h**2 + 7*h - 1. Give g(-2).
21
Let x(k) = -19*k**2 - 5*k + 19. Calculate x(5).
-481
Let z(i) = -68*i**3 + i**2 + 11*i - 13. Determine z(1).
-69
Let p(h) = 397*h - 3966. Determine p(10).
4
Let z(a) = a**2 + 48*a + 573. Calculate z(-25).
-2
Let w(r) = -8*r**2 + 29*r - 181. Give w(0).
-181
Let j(f) = f**3 + 7*f**2 + 13*f - 22. Give j(-3).
-25
Let l(u) = 20*u - 555. Determine l(26).
-35
Let n(a) = -1040*a + 76944. Calculate n(74).
-16
Let a(u) = 149*u**2 - 35*u + 10. Calculate a(-2).
676
Let l(w) = -w**2 + 13*w - 3. Calculate l(9).
33
Let x(w) = w**2 - 191*w + 749. Give x(4).
1
Let n(p) = 164*p - 664. Give n(4).
-8
Let g(k) = 4*k**3 + 54*k**2 + 71*k - 9. Give g(-12).
3
Let h(a) = -a**2 + 35*a - 99. What is h(29)?
75
Let i(b) = b**3 - 9*b**2 - 128*b + 989. Give i(7).
-5
Let x(k) = -33*k - 268. What is x(-25)?
557
Let d(n) = -82*n**2 + 1559*n + 26. Give d(19).
45
Let m(k) = -287*k - 32155. Give m(-112).
-11
Let f(w) = w**2 + 29*w - 2042. What is f(-62)?
4
Let s(f) = 40*f**2 + 224*f - 16. Give s(-6).
80
Let v(c) = c**3 - 35*c**2 - 31*c - 76. Give v(36).
104
Let b(w) = 2*w**3 + 5*w**2 - w - 6. What is b(3)?
90
Let p(s) = -58*s - 331. What is p(-8)?
133
Let s(i) = i**3 + 7*i**2 - 11*i - 23. What is s(-9)?
-86
Let u(c) = -3*c**3 + 21*c**2 + 28*c - 14. Calculate u(6).
262
Let s(c) = c**3 + 5*c**2 + 4*c. Calculate s(-4).
0
Let b(y) = -48*y + 2186. What is b(45)?
26
Let x(t) = -5*t**2 + 113*t + 58. Determine x(24).
-110
Let j(y) = y**3 + 11*y**2 + 33*y + 8. Calculate j(-7).
-27
Let j(n) = 7*n - 225. Give j(-19).
-358
Let a(k) = k**3 + 37*k**2 - 77*k + 12. Calculate a(-39).
-27
Let w(t) = -3*t**2 - 16*t + 17. Determine w(1).
-2
Let w(q) = -50*q**3 - q**2 - 77*q - 75. What is w(-1)?
51
Let t(k) = -924*k + 871. Give t(1).
-53
Let y(k) = -616*k + 1018. Calculate y(2).
-214
Let f(t) = -22*t + 787. Give f(47).
-247
Let n(m) = -55*m - 1008. Determine n(-21).
147
Let n(c) = c**3 - 165*c**2 + 182*c - 2948. Calculate n(164).
4
Let v(n) = -193*n + 12728. Give v(66).
-10
Let a(u) = 40*u - 43. Calculate a(1).
-3
Let g(h) = h - 46. What is g(37)?
-9
Let a(v) = -v**2 + 70*v - 738. Calculate a(54).
126
Let t(b) = b**2 - 7*b - 94. Give t(19).
134
Let q(l) = -68*l**2 - 5*l - 12. Determine q(-2).
-274
Let j(k) = -k**3 - 3*k**2 - 10*k - 15. Give j(-3